84 a factor of 3834503832?
False
Does 33 divide 3802226?
False
Is 195 a factor of 89581050?
True
Is 34465903 a multiple of 212?
False
Is 19 a factor of 537395335?
True
Is 20 a factor of 1666111156?
False
Does 13 divide 634513180?
False
Is 831 a factor of 1266291714?
False
Does 7 divide 7143911?
False
Is 28304542 a multiple of 21?
False
Is 37311690 a multiple of 55?
False
Is 86 a factor of 125165518?
True
Is 13812586 a multiple of 9?
False
Is 261197581 a multiple of 12?
False
Does 16 divide 82957199?
False
Does 550 divide 101740100?
True
Is 42 a factor of 44584361?
False
Is 489018225 a multiple of 34?
False
Is 2262 a factor of 2205990618?
True
Is 947679042 a multiple of 3111?
True
Is 13 a factor of 108796101?
False
Does 2321 divide 28764153?
True
Does 8 divide 1367967440?
True
Is 1759470678 a multiple of 18?
True
Is 35096921 a multiple of 37?
False
Does 13 divide 94649473?
False
Does 3411 divide 443387259?
False
Does 68 divide 753001944?
True
Is 3 a factor of 570656072?
False
Does 368 divide 4317220?
False
Is 19523404 a multiple of 8?
False
Does 111 divide 828533859?
True
Does 17 divide 189011219?
True
Does 118 divide 53711442?
False
Is 27 a factor of 76404870?
True
Does 1559 divide 193404079?
False
Does 41 divide 331609804?
True
Is 65416080 a multiple of 926?
False
Is 2756 a factor of 1016853760?
True
Is 104041578 a multiple of 199?
True
Is 134588970 a multiple of 30?
True
Is 31950490 a multiple of 13?
True
Does 2 divide 40041402?
True
Does 2623 divide 31264112?
False
Is 17 a factor of 533205?
True
Does 10 divide 14047190?
True
Does 7785 divide 794359267?
False
Is 266632940 a multiple of 13?
False
Does 12 divide 47139520?
False
Is 40033164 a multiple of 197?
False
Is 64166012 a multiple of 28?
False
Is 3268266 even?
True
Is 13749264 a multiple of 8?
True
Is 811913914 a multiple of 1354?
True
Does 158 divide 197342?
True
Is 890 a factor of 1285402137?
False
Is 650 a factor of 7826650?
True
Is 2631 a factor of 4088574?
True
Is 16 a factor of 359321296?
True
Is 616 a factor of 398496032?
False
Does 24 divide 55366125?
False
Is 1976 a factor of 32096061?
False
Is 130 a factor of 350300946?
False
Is 995691275 a multiple of 115?
True
Does 8373 divide 909906006?
False
Does 1222 divide 62252212?
False
Does 283 divide 29350083?
False
Is 31 a factor of 3925966669?
False
Is 1707071068 a multiple of 5791?
False
Does 933 divide 88811737?
False
Does 85 divide 110549470?
True
Does 814 divide 59463322?
False
Is 21 a factor of 940464?
True
Is 247177398 a multiple of 13?
True
Does 1043 divide 1112691897?
False
Is 3334510 a multiple of 3?
False
Is 536643908 a multiple of 96?
False
Does 2213 divide 18474124?
True
Is 205159947 a multiple of 39?
False
Does 569 divide 39911492?
False
Does 26 divide 111247058?
True
Is 36392055 a multiple of 739?
True
Is 51894626 a multiple of 201?
False
Does 11 divide 167791450?
False
Does 1951 divide 51602751?
False
Does 42 divide 1519170190?
False
Is 174909 a multiple of 8?
False
Is 52099908 a multiple of 12?
True
Is 177 a factor of 3199569?
False
Does 49 divide 686780940?
False
Is 4581 a factor of 3445639520?
False
Is 383 a factor of 352888157?
True
Does 65 divide 27969435?
True
Is 287263165 a multiple of 7?
True
Does 91 divide 3507796862?
False
Does 479 divide 420842531?
False
Is 17 a factor of 382553270?
False
Is 28 a factor of 3833631116?
True
Is 9278544 a multiple of 264?
True
Is 9 a factor of 4039980?
False
Is 59761507 a multiple of 4?
False
Is 5410713 a multiple of 231?
True
Does 1963 divide 1522767805?
True
Is 24 a factor of 4135966?
False
Does 13 divide 238240678?
True
Is 163080064 a multiple of 16?
True
Does 245 divide 383425?
True
Does 1716 divide 467951484?
True
Does 588 divide 234341138?
False
Does 470 divide 65797236?
False
Does 117 divide 1458519075?
True
Does 1656 divide 117797904?
True
Does 7 divide 1568979?
False
Is 1932 a factor of 42062109?
False
Does 42 divide 204262884?
True
Does 270 divide 137051730?
True
Is 10 a factor of 172879481?
False
Does 1381 divide 12093417?
True
Is 331337699 a multiple of 25?
False
Is 7 a factor of 4769642?
False
Is 10 a factor of 66282103?
False
Is 2 a factor of 4547685?
False
Does 23 divide 3052492603?
False
Is 3965717 a multiple of 49?
True
Is 36 a factor of 51682787?
False
Is 10306346 a multiple of 499?
True
Is 54480177 a multiple of 35?
False
Does 54 divide 13529214?
True
Does 1718 divide 1991201819?
False
Is 4 a factor of 159092238?
False
Is 1034 a factor of 74978799?
False
Does 52 divide 154780653?
False
Does 58 divide 31040556?
True
Does 39 divide 1781957933?
False
Is 100146872 a multiple of 3086?
True
Does 1385 divide 152457792?
False
Does 19 divide 96892797?
False
Is 280 a factor of 175573720?
True
Does 25 divide 594708400?
True
Does 1044 divide 195963962?
False
Is 1328 a factor of 145164511?
False
Is 47436940 a multiple of 5?
True
Does 3194 divide 46830620?
False
Is 479487183 a multiple of 2245?
False
Is 1997 a factor of 72133637?
True
Does 47 divide 38637340?
False
Is 86802300 a multiple of 3900?
True
Is 36 a factor of 1719523260?
True
Does 1674 divide 219836525?
False
Is 268689400 a multiple of 155?
True
Does 6970 divide 227045446?
False
Is 266 a factor of 279222892?
False
Does 126 divide 77383404?
True
Is 880 a factor of 1769277516?
False
Is 12209970 a multiple of 1382?
True
Is 13 a factor of 96100412?
False
Does 935 divide 64109845?
False
Is 7131328 a multiple of 93?
False
Does 361 divide 13786229?
True
Does 15 divide 80051925?
True
Is 11086 a factor of 3336974688?
True
Is 257664778 a multiple of 712?
False
Is 35 a factor of 119105759?
False
Is 1056025 a multiple of 3?
False
Is 389119314 a multiple of 14?
False
Is 52023700 a multiple of 1917?
False
Is 38 a factor of 17451234?
True
Is 633 a factor of 35337225?
True
Does 19 divide 71396580?
False
Is 58061196 a multiple of 2?
True
Is 24640668 a multiple of 12?
True
Is 28293740 a multiple of 1282?
True
Does 2125 divide 32453000?
True
Is 14 a factor of 15060436?
False
Is 1856290212 a multiple of 1531?
False
Is 83593056 a multiple of 1227?
True
Is 3527361 a multiple of 316?
False
Does 1045 divide 158596515?
True
Is 151 a factor of 517231219?
False
Is 186546720 a multiple of 205?
True
Is 3314352 a multiple of 301?
False
Does 12 divide 144665322?
False
Is 2 a factor of 43460311?
False
Does 3 divide 6006144?
True
Is 12237935 a multiple of 231?
False
Is 169 a factor of 156073432?
False
Does 34 divide 52710230?
False
Does 83 divide 5231407?
True
Is 7733653 a multiple of 8?
False
Does 89 divide 5379605?
True
Is 2290123314 a multiple of 235?
False
Is 519097499 a multiple of 19?
True
Is 218499888 a multiple of 1103?
True
Does 11 divide 54197176?
True
Is 6 a factor of 7914936?
True
Is 409704771 a multiple of 21?
True
Is 191690241 a multiple of 42?
False
Is 3 a factor of 3634797?
True
Does 32 divide 145326592?
True
Is 1134 a factor of 188540192?
False
Does 8 divide 8780374?
False
Does 5145 divide 373099965?
True
Does 36 divide 359012700?
True
Is 324930480 a multiple of 1438?
True
Does 322 divide 172012467?
False
Is 4019416129 a multiple of 712?
False
Does 249 divide 164862?
False
Is 40 a factor of 10447884?
False
Does 950 divide 1050047350?
True
Is 1399 a factor of 32160212?
True
Does 286 divide 95263454?
True
Does 583 divide 382577902?
False
Is 8 a factor of 44066260?
False
Is 17 a factor of 468152165?
False
Is 249674460 a multiple of 15?
True
Does 2038 divide 189272329?
False
Does 11 divide 27471635?
False
Is 21990982 a multiple of 326?
True
Is 747 a factor of 20397164?
False
Is 3052 a factor of 96992560?
True
Is 89667310 a multiple of 334?
True
Does 30 divide 100972800?
True
Is 379486459 a multiple of 67?
True
Is 34574517 a multiple of 31?
True
Is 23 a factor of 24622840?
False
Is 203 a factor of 2010481?
False
Is 2921 a factor of 27936444?
True
Does 4 divide 2972635?
False
Does 694 divide 60966078?
False
Is 26 a factor of 1069389?
False
Is 179644005 a multiple of 119?
False
Does 21 divide 511152968?
False
Does 7 divide 125592061?
True
Is 27776273 a multiple of 4?
False
Does 141 divide 152255979?
False
Is 262891068 a multiple of 627?
True
Is 20 a factor of 74907407?
False
Does 119 divide 11946443?
False
Is 521 a factor of 650899778?
False
Is 13758 a factor of 27034470?
True
Is 146275870 a multiple of 130?
True
Does 2 divide 20